te s(-4).
-7
Let q(n) = n**3 - 3*n**2 - 3*n + 43. What is q(6)?
133
Let l(b) = b**2 + 83*b + 307. What is l(-78)?
-83
Let y(v) = 3*v**3 - 20*v**2 + 94*v - 347. Calculate y(5).
-2
Let j(z) = -31*z - 883. What is j(-11)?
-542
Let o(h) = 2*h**3 + 58*h**2 - 56*h + 119. What is o(-30)?
-1
Let a(z) = -202*z + 199. Give a(1).
-3
Let n(w) = -w**2 - 75*w + 4862. Give n(42).
-52
Let k(w) = -w**3 - 15*w**2 - 22*w - 39. What is k(-13)?
-91
Let n(a) = -a**3 - 50*a**2 - 3*a - 147. Give n(-50).
3
Let z(w) = -3*w**2 - 105*w - 24. Give z(-33).
174
Let i(g) = -1017*g - 2079. What is i(-2)?
-45
Let t(f) = 3*f**3 - 2*f**2 - 5*f + 36. Give t(3).
84
Let v(r) = -r**2 - 39*r + 206. Give v(-51).
-406
Let q(x) = -x**2 - 2403*x + 65626. What is q(27)?
16
Let k(t) = -42*t**2 + 9*t + 45. Give k(4).
-591
Let s(m) = -m**3 + 73*m**2 - 137*m - 359. Give s(71).
-4
Let c(z) = -693*z + 17328. Determine c(25).
3
Let f(t) = -13*t**3 + 118*t**2 - 18*t + 69. What is f(9)?
-12
Let m(o) = -o**2 - 144*o - 145. Give m(-1).
-2
Let v(m) = -m**3 - 14*m**2 - 23*m - 127. Determine v(-13).
3
Let w(q) = 21*q - 12. Give w(13).
261
Let f(g) = -2*g**2 + 41*g + 453. Calculate f(28).
33
Let z(i) = 474*i + 29383. Determine z(-62).
-5
Let a(g) = 508*g - 406. Give a(2).
610
Let x(n) = -n**3 + 96*n**2 - 93*n - 188. Determine x(95).
2
Let u(r) = -r**2 + 243*r + 17815. Calculate u(-59).
-3
Let g(a) = 14*a**3 + 3*a**2 + 3*a + 2. Determine g(-1).
-12
Let s(h) = h**3 - 43*h**2 - 97*h + 111. Calculate s(45).
-204
Let d(a) = 97*a - 10. Determine d(-1).
-107
Let c(y) = 2*y**3 + y**2 - 8*y + 1. What is c(0)?
1
Let w(r) = -667*r + 24020. Determine w(36).
8
Let f(m) = -m**2 + 522*m + 13. Give f(0).
13
Let w(l) = l**3 + 6*l**2 + 21*l + 90. Determine w(-6).
-36
Let f(y) = -2*y**2 + 16*y + 429. Determine f(-11).
11
Let i(w) = -4*w - 26. Give i(12).
-74
Let a(j) = -j**3 - 3*j**2 + 35*j + 111. Calculate a(-4).
-13
Let t(b) = -3*b**3 + 16*b**2 + 5*b - 10. Give t(6).
-52
Let q(z) = -3237*z - 9725. Calculate q(-3).
-14
Let k(p) = -9*p**2 + 155*p - 177. What is k(16)?
-1
Let a(h) = -3*h**3 + 156*h**2 - 6*h + 335. Calculate a(52).
23
Let d(v) = -3*v**3 - 23*v**2 + 11*v + 62. Give d(-8).
38
Let b(k) = -2*k**2 + 85*k - 598. What is b(8)?
-46
Let z(u) = -u**3 + 19*u**2 - 92*u + 658. Give z(16).
-46
Let g(n) = 27*n - 1584. Calculate g(58).
-18
Let q(w) = -7*w**2 + 62*w - 1. What is q(8)?
47
Let s(k) = k**3 - 111*k**2 - 43*k + 4816. Determine s(111).
43
Let o(t) = 606*t + 16359. Determine o(-27).
-3
Let n(q) = 40*q - 3098. Determine n(78).
22
Let r(y) = 5*y**2 - 34*y + 36. Determine r(1).
7
Let i(m) = m**3 + 30*m**2 - 6*m - 170. Give i(-30).
10
Let y(m) = -12*m**3 + 961*m**2 - 79*m - 36. Calculate y(80).
44
Let u(i) = -i**3 - 24*i**2 - 107*i + 2. What is u(-18)?
-16
Let p(n) = -n**3 + 8*n**2 + n + 29. What is p(8)?
37
Let l(z) = 7*z**2 + 283*z + 568. Give l(-2).
30
Let n(w) = 21*w + 179. Determine n(-4).
95
Let w(x) = -14*x**2 + 221*x + 291. What is w(17)?
2
Let p(m) = -m**2 - 175*m + 706. Calculate p(4).
-10
Let n(o) = -o**2 + 10*o + 5304. Determine n(-67).
145
Let h(c) = 216*c + 16652. Give h(-77).
20
Let w(r) = 2*r**2 - 102*r + 200. Calculate w(49).
4
Let r(b) = 986*b - 85776. Give r(87).
6
Let o(f) = -2*f**3 - 33*f**2 - 62*f - 204. Calculate o(-15).
51
Let d(s) = -14*s**2 - 4*s + 17. What is d(5)?
-353
Let c(x) = -5*x**2 + 17*x - 74. What is c(-9)?
-632
Let y(x) = 108*x - 28840. What is y(267)?
-4
Let b(u) = -u**3 - 14*u**2 + 37*u + 87. Calculate b(-16).
7
Let p(f) = f**2 - 722*f + 1442. Determine p(2).
2
Let n(r) = 43*r - 157. Calculate n(5).
58
Let n(z) = 9*z - 187. Calculate n(21).
2
Let l(z) = -192*z + 225. Give l(4).
-543
Let b(w) = 522*w - 14102. Give b(27).
-8
Let a(r) = 24174*r + 169219. What is a(-7)?
1
Let b(y) = -7*y - 1. Determine b(-12).
83
Let h(n) = n**3 - 9*n**2 - 25*n - 338. Calculate h(13).
13
Let w(g) = 2*g**3 - 13*g**2 - 392*g - 74. What is w(-11)?
3
Let c(z) = 1250*z - 4993. Calculate c(4).
7
Let t(d) = -d**3 + 2*d**2 + 77*d + 74. Determine t(-8).
98
Let p(l) = l**2 + 17*l - 131. Give p(-22).
-21
Let a(p) = -2*p**3 - 13*p - 19. Give a(0).
-19
Let z(s) = -s**3 - 13*s**2 + 31*s + 4. Determine z(-15).
-11
Let s(c) = -4*c**2 + 7*c + 9. What is s(3)?
-6
Let d(u) = 360*u + 1081. What is d(-3)?
1
Let c(z) = 6*z**3 + 31*z**2 + 8*z + 6. Calculate c(-6).
-222
Let w(v) = 2*v**3 - 19*v**2 + 32*v - 62. What is w(8)?
2
Let q(m) = 59*m - 526. What is q(9)?
5
Let b(i) = -20*i + 45. What is b(-4)?
125
Let m(b) = -343*b + 1127. Give m(2).
441
Let r(p) = p**2 + 22*p - 852. Determine r(20).
-12
Let s(p) = 3*p**2 + 12*p - 94. Determine s(7).
137
Let o(d) = -d**3 - 4*d**2 - 9*d - 16. Calculate o(-3).
2
Let o(t) = -t**3 - 10*t**2 + 33*t - 279. What is o(-14)?
43
Let b(d) = -d**3 + 14*d**2 + 153*d - 27. Calculate b(22).
-533
Let d(q) = 2*q**3 - 13*q**2 - 173*q + 926. Determine d(5).
-14
Let j(x) = -x**3 + 7*x**2 - 11*x - 29. Calculate j(8).
-181
Let c(a) = 14*a**2 - 138*a - 13. What is c(10)?
7
Let x(d) = -16*d + 265. Calculate x(15).
25
Let o(a) = 162*a + 4747. Calculate o(-29).
49
Let x(g) = -g**3 - 28*g**2 + 59*g - 23. Calculate x(-30).
7
Let p(u) = u**3 - 109*u**2 - 2401*u - 3977. Give p(128).
-9
Let k(z) = 17*z + 318. Give k(-14).
80
Let w(f) = 11*f - 126. What is w(4)?
-82
Let f(r) = 2*r**3 - 7*r**2 - 101*r + 40. What is f(9)?
22
Let r(o) = o + 25. Determine r(-6).
19
Let l(b) = -2*b**2 + 1115*b - 38521. Give l(37).
-4
Let c(g) = -251*g**2 + 5776*g - 65. Determine c(23).
4
Let v(b) = -6*b**2 - 16*b + 180. Determine v(-7).
-2
Let x(q) = -2*q**3 - 32*q**2 - 2*q - 20. Determine x(-16).
12
Let i(v) = -16*v**2 + 620*v + 165. Determine i(39).
9
Let g(z) = -587*z - 11189. Calculate g(-19).
-36
Let x(r) = r**2 + 192*r - 1755. Calculate x(9).
54
Let y(a) = -221*a + 9748. Determine y(44).
24
Let f(y) = -y**2 + 196*y + 2522. Give f(-12).
26
Let n(h) = -182*h + 953. What is n(5)?
43
Let p(u) = u**3 - 6*u**2 - 12*u - 37. Calculate p(9).
98
Let g(x) = -x**2 - 25*x - 41. Determine g(-2).
5
Let l(m) = m**3 - 89*m**2 - 187*m + 462. What is l(91)?
7
Let g(p) = p**3 - 35*p**2 - 14*p + 106. Give g(35).
-384
Let p(b) = -4*b**3 - 247*b**2 + 318*b + 185. What is p(-63)?
-4
Let a(o) = 303*o + 476. Determine a(-2).
-130
Let n(o) = 2*o**2 - 50*o - 38. Determine n(26).
14
Let z(y) = -y**2 + 9*y + 120. Determine z(17).
-16
Let y(w) = 2*w**3 - 56*w**2 + w - 3. What is y(28)?
25
Let u(p) = 504*p - 5007. Determine u(10).
33
Let i(u) = -u**3 + 5*u**2 - 17*u + 32. What is i(6)?
-106
Let c(z) = -2*z**3 + 22*z**2 - 77*z + 79. Give c(4).
-5
Let a(y) = -6*y + 322. What is a(9)?
268
Let h(t) = -154*t - 949. Calculate h(-6).
-25
Let t(z) = 4*z**2 + 115*z - 139. Determine t(-30).
11
Let u(o) = 9*o**2 + 647*o - 84. Determine u(-72).
-12
Let t(d) = -5*d**2 + 641*d - 80. Give t(128).
48
Let s(i) = -i**3 + 32*i**2 - 84*i - 89. What is s(29)?
-2
Let q(d) = d**3 + 11*d**2 - 12*d - 214. Calculate q(-10).
6
Let w(i) = -692*i - 67. Calculate w(-2).
1317
Let s(o) = 283*o + 221. What is s(-2)?
-345
Let l(i) = -30*i**2 + 6028*i + 398. What is l(201)?
-4
Let u(j) = 5*j**2 - 779*j - 945. Give u(157).
-3
Let m(o) = 257*o**3 - 5*o - 4. Give m(-1).
-256
Let s(h) = h**3 - 10*h**2 - 266*h + 37. Give s(22).
-7
Let u(h) = h**3 - 34*h**2 - 29*h + 42. Calculate u(35).
252
Let u(g) = -351*g + 2152. Determine u(6).
46
Let q(t) = -210*t**3 + 6*t**2 + 8*t + 1. Calculate q(-1).
209
Let c(q) = q**3 - 19*q**2 + 46*q - 488. Calculate c(18).
16
Let r(v) = -v**3 - 8*v**2 + 6*v + 11. Determine r(-8).
-37
Let s(r) = 1667*r - 3365. Calculate s(2).
-31
Let c(u) = 72*u + 3505. What is c(-49)?
-23
Let b(h) = 27*h - 967. Calculate b(40).
113
Let p(b) = b**3 + 19*b**2 + 21*b + 48. Calculate p(-18).
-6
Let y(o) = -3*o**2 - 41*o - 366. Give y(-11).
-278
Let w(o) = -63*o + 136. Determine w(-4).
388
Let k(x) = 104*x - 5527. Calculate k(54).
89
Let h(x) = -x**2 - 6*x - 47. What is h(-9)?
-74
Let i(a) = 2*a**3 - 3*a**2 - 33*a - 128. Determine i(6).
-2
Let l(c) = -c**3 + 67*c**2 - 255*c - 27. Calculate l(63).
-216
Let g(j) = -1132*j - 9060. Determine g(-8).
-4
Let g(h) = 105*h + 45. Give g(-1).
-60
Let y(l) = l**2 - 666*l + 1332. What is y(2)?
4
Let s(g) = g**2 + 3*g - 75. Give s(-19).
229
Let c(g) = 5*g**2 - 54*g - 1199. What is c(-11)?
0
Let g(b) = 14*b**2 + 220*b + 871. Give g(-7).
17
Let r(f) = f**